{"id":24,"date":"2023-08-01T17:08:28","date_gmt":"2023-08-01T15:08:28","guid":{"rendered":"https:\/\/www.folkdansringen.se\/ny-ronnehall\/?page_id=24"},"modified":"2026-05-21T11:20:19","modified_gmt":"2026-05-21T09:20:19","slug":"24-2","status":"publish","type":"page","link":"https:\/\/www.folkdansringen.se\/ronnehall\/?page_id=24","title":{"rendered":"Kalendarium 2026"},"content":{"rendered":"\n<div class=\"wp-block-columns is-layout-flex wp-container-core-columns-is-layout-8f761849 wp-block-columns-is-layout-flex\">\n<div class=\"wp-block-column is-layout-flow wp-block-column-is-layout-flow\">\n<p class=\"wp-block-paragraph\"><strong>Januari<\/strong><br><strong>13<\/strong> Dansstart<br><strong>20<\/strong> \u00c5rsm\u00f6te<br><br><strong>Februari<\/strong><br><strong>17<\/strong> Danstr\u00e4ning inst\u00e4lld (sportlov)<br><strong>15<\/strong> Medlemsavgift skall vara betald<br><br><strong>Mars<\/strong><br><strong>2<\/strong> Bygdeg\u00e5rdsf\u00f6reningens \u00e5rsm\u00f6te<br><strong>3 <\/strong>Kurs i HLR och hj\u00e4rtstartare p\u00e5 R\u00f6nneh\u00e4ll<br><strong>21<\/strong> Distriktets \u00e5rsm\u00f6te hos<br> Malm\u00f6 Folkdansare<br><br><br><strong>April<\/strong><br><strong>11<\/strong> Bygdeg\u00e5rdsf\u00f6reningens v\u00e5rfest<br><strong>28<\/strong> Kvartalsm\u00f6te<br><br><strong>Maj<\/strong><br><strong>3<\/strong> Naturvandring<\/p>\n\n\n\n<p class=\"wp-block-paragraph\"><strong>Juni<\/strong><br><strong>14, 19-20<\/strong> Uppvisningar p\u00e5 Sofiero och<br>      v\u00e5rdboende i Helsingborg<br><strong>21<\/strong> S\u00e4songsavslutning<\/p>\n\n\n\n<p class=\"wp-block-paragraph\"><br> <br> <br><\/p>\n<\/div>\n\n\n\n<div class=\"wp-block-column is-layout-flow wp-block-column-is-layout-flow\">\n<p class=\"wp-block-paragraph\"><strong>Juli<\/strong><br><br><strong>Augusti<\/strong><br><strong>18<\/strong> Dansstart<br><strong>29<\/strong> Ut i det bl\u00e5<br><strong>30<\/strong> Sk\u00e5nedagen i Esl\u00f6v <br><br><strong>September<\/strong><br><strong>1<\/strong> Kvartalsm\u00f6te <br><br><strong>Oktober<\/strong><br> <strong>3<\/strong> Bygdeg\u00e5rdsf\u00f6reningens h\u00f6stfest<br><\/p>\n\n\n\n<p class=\"wp-block-paragraph\"><strong>November<\/strong><br><strong>17<\/strong> Kvartalsm\u00f6te<br><br><strong>December<\/strong><br>  <strong>8<\/strong> Julavslutning <br><\/p>\n<\/div>\n<\/div>\n\n\n\n<p class=\"wp-block-paragraph\"><\/p>\n\n\n\n<p class=\"wp-block-paragraph\"><\/p>\n\n\n\n<p class=\"wp-block-paragraph\"><\/p>\n","protected":false},"excerpt":{"rendered":"<p>Januari13 Dansstart20 \u00c5rsm\u00f6te Februari17 Danstr\u00e4ning inst\u00e4lld (sportlov)15 Medlemsavgift skall vara betald Mars2 Bygdeg\u00e5rdsf\u00f6reningens \u00e5rsm\u00f6te3 Kurs i HLR och hj\u00e4rtstartare p\u00e5 R\u00f6nneh\u00e4ll21 Distriktets \u00e5rsm\u00f6te hos Malm\u00f6 Folkdansare April11 Bygdeg\u00e5rdsf\u00f6reningens v\u00e5rfest28 Kvartalsm\u00f6te Maj3 Naturvandring Juni14, 19-20 Uppvisningar p\u00e5 Sofiero och v\u00e5rdboende i Helsingborg21 S\u00e4songsavslutning Juli Augusti18 Dansstart29 Ut i det bl\u00e530 Sk\u00e5nedagen i Esl\u00f6v September1 Kvartalsm\u00f6te Oktober [&hellip;]<\/p>\n","protected":false},"author":1,"featured_media":0,"parent":0,"menu_order":0,"comment_status":"closed","ping_status":"closed","template":"","meta":{"footnotes":""},"class_list":["post-24","page","type-page","status-publish","hentry"],"jetpack_sharing_enabled":true,"_links":{"self":[{"href":"https:\/\/www.folkdansringen.se\/ronnehall\/index.php?rest_route=\/wp\/v2\/pages\/24","targetHints":{"allow":["GET"]}}],"collection":[{"href":"https:\/\/www.folkdansringen.se\/ronnehall\/index.php?rest_route=\/wp\/v2\/pages"}],"about":[{"href":"https:\/\/www.folkdansringen.se\/ronnehall\/index.php?rest_route=\/wp\/v2\/types\/page"}],"author":[{"embeddable":true,"href":"https:\/\/www.folkdansringen.se\/ronnehall\/index.php?rest_route=\/wp\/v2\/users\/1"}],"replies":[{"embeddable":true,"href":"https:\/\/www.folkdansringen.se\/ronnehall\/index.php?rest_route=%2Fwp%2Fv2%2Fcomments&post=24"}],"version-history":[{"count":39,"href":"https:\/\/www.folkdansringen.se\/ronnehall\/index.php?rest_route=\/wp\/v2\/pages\/24\/revisions"}],"predecessor-version":[{"id":520,"href":"https:\/\/www.folkdansringen.se\/ronnehall\/index.php?rest_route=\/wp\/v2\/pages\/24\/revisions\/520"}],"wp:attachment":[{"href":"https:\/\/www.folkdansringen.se\/ronnehall\/index.php?rest_route=%2Fwp%2Fv2%2Fmedia&parent=24"}],"curies":[{"name":"wp","href":"https:\/\/api.w.org\/{rel}","templated":true}]}}

<div class="wp-block-columns is-layout-flex wp-container-core-columns-is-layout-8f761849 wp-block-columns-is-layout-flex">
<div class="wp-block-column is-layout-flow wp-block-column-is-layout-flow">
<p class="wp-block-paragraph"><strong>Januari</strong><br><strong>13</strong> Dansstart<br><strong>20</strong> Årsmöte<br><br><strong>Februari</strong><br><strong>17</strong> Dansträning inställd (sportlov)<br><strong>15</strong> Medlemsavgift skall vara betald<br><br><strong>Mars</strong><br><strong>2</strong> Bygdegårdsföreningens årsmöte<br><strong>3 </strong>Kurs i HLR och hjärtstartare på Rönnehäll<br><strong>21</strong> Distriktets årsmöte hos<br> Malmö Folkdansare<br><br><br><strong>April</strong><br><strong>11</strong> Bygdegårdsföreningens vårfest<br><strong>28</strong> Kvartalsmöte<br><br><strong>Maj</strong><br><strong>3</strong> Naturvandring</p>



<p class="wp-block-paragraph"><strong>Juni</strong><br><strong>14, 19-20</strong> Uppvisningar på Sofiero och<br>      vårdboende i Helsingborg<br><strong>21</strong> Säsongsavslutning</p>



<p class="wp-block-paragraph"><br> <br> <br></p>
</div>



<div class="wp-block-column is-layout-flow wp-block-column-is-layout-flow">
<p class="wp-block-paragraph"><strong>Juli</strong><br><br><strong>Augusti</strong><br><strong>18</strong> Dansstart<br><strong>29</strong> Ut i det blå<br><strong>30</strong> Skånedagen i Eslöv <br><br><strong>September</strong><br><strong>1</strong> Kvartalsmöte <br><br><strong>Oktober</strong><br> <strong>3</strong> Bygdegårdsföreningens höstfest<br></p>



<p class="wp-block-paragraph"><strong>November</strong><br><strong>17</strong> Kvartalsmöte<br><br><strong>December</strong><br>  <strong>8</strong> Julavslutning <br></p>
</div>
</div>



<p class="wp-block-paragraph"></p>



<p class="wp-block-paragraph"></p>



<p class="wp-block-paragraph"></p>

<p>Januari13 Dansstart20 Årsmöte Februari17 Dansträning inställd (sportlov)15 Medlemsavgift skall vara betald Mars2 Bygdegårdsföreningens årsmöte3 Kurs i HLR och hjärtstartare på Rönnehäll21 Distriktets årsmöte hos Malmö Folkdansare April11 Bygdegårdsföreningens vårfest28 Kvartalsmöte Maj3 Naturvandring Juni14, 19-20 Uppvisningar på Sofiero och vårdboende i Helsingborg21 Säsongsavslutning Juli Augusti18 Dansstart29 Ut i det blå30 Skånedagen i Eslöv September1 Kvartalsmöte Oktober [&hellip;]</p>
