{"id":2,"date":"2023-06-05T14:18:43","date_gmt":"2023-06-05T12:18:43","guid":{"rendered":"https:\/\/www.folkdansringen.se\/ny-ronnehall\/?page_id=2"},"modified":"2023-11-07T17:09:56","modified_gmt":"2023-11-07T16:09:56","slug":"exempelsida","status":"publish","type":"page","link":"https:\/\/www.folkdansringen.se\/ronnehall\/","title":{"rendered":"R\u00f6nneh\u00e4lls Folkdanslag"},"content":{"rendered":"\n<p class=\"has-text-align-center has-black-color has-text-color has-x-large-font-size\">&#8221;Vi g\u00f6r det i takt&#8221;  <br> &#8230; och har gjort det sedan 1934<\/p>\n\n\n\n<p class=\"has-text-align-center has-x-large-font-size\">V\u00e4lkommen till R\u00f6nneh\u00e4lls Folkdanslag<br><\/p>\n\n\n\n<p class=\"has-text-align-center has-large-font-size\">V\u00e5r f\u00f6rening<\/p>\n\n\n\n<p>&#8221;Hemkommen vid jultiden 1934 fick jag h\u00f6ra talas om att man startat ett folkdanslag p\u00e5 R\u00f6nneh\u00e4ll. Nyfiken som jag var f\u00f6ljde jag med mina systrar till R\u00f6nneh\u00e4ll och satt p\u00e5 l\u00e4ktaren och \u00e5s\u00e5g dans\u00f6vningarna. Mot slutet av tr\u00e4ningen v\u00e4nde sig ledaren upp mot l\u00e4ktaren och sa:<br>&#8211; N\u00e4sta g\u00e5ng \u00e4r du ocks\u00e5 med h\u00e4r nere!<br>Efter en hel veckas tr\u00e4ning hemma v\u00e5gade jag mig ner p\u00e5 dansgolvet, vilket blev b\u00f6rjan till ett 20-\u00e5rigt aktivt deltagande inom laget &#8211; arbetsamma men minnesrika \u00e5r&#8221;<br>(Ur Eric Anderssons bidrag till R\u00f6nneh\u00e4lls Folkdanslags jubileumsskrift i samband med lagets 50 \u00e5rs jubileum 1984.)<br><br><\/p>\n\n\n\n<p class=\"has-text-align-center has-medium-font-size\">Vi dansar varje tisdagskv\u00e4ll p\u00e5 R\u00f6nneh\u00e4lls Bygdeg\u00e5rd i T\u00e5garp.<br>Danskv\u00e4llarna b\u00f6rjar kl. 19.30 och brukar best\u00e5 av 50 % inspiration,<br>50 % transpiration och 100 % dansgl\u00e4dje.<\/p>\n\n\n\n<p class=\"has-text-align-center has-medium-font-size\">Du \u00e4r v\u00e4lkommen att kontakta oss om du vill vara med i v\u00e5rt glada g\u00e4ng. <br>Antingen som dansare eller spelman.<\/p>\n\n\n<div class=\"wp-block-image\">\n<figure class=\"aligncenter size-large\"><img decoding=\"async\" src=\"https:\/\/www.folkdansringen.se\/ronnehall\/wp-content\/uploads\/2023\/08\/valborg.jpg\" alt=\"\"\/><\/figure>\n<\/div>\n\n\n<p class=\"has-text-align-center has-medium-font-size\">Kontakta oss om ni vill ha underh\u00e5llning p\u00e5 er tillst\u00e4llning eller <br>om ni s\u00f6ker en traditionell folkdansuppvisning. <br><br>Nedan ett smakprov p\u00e5 v\u00e5r musik. L\u00e5ten heter Kadrilj fr\u00e5n R\u00f6nneh\u00e4ll och den liksom tillh\u00f6rande kadrilj \u00e4r b\u00e5da komponerade av medlemmar i f\u00f6reningen.<\/p>\n\n\n\n<figure class=\"wp-block-audio\"><audio controls src=\"https:\/\/www.folkdansringen.se\/ronnehall\/wp-content\/uploads\/2023\/08\/Kadrilj-fr-Ronnehall.mp3\" autoplay><\/audio><\/figure>\n\n\n\n<p>Lyssna g\u00e4rna p\u00e5 Kadrilj fr\u00e5n R\u00f6nneh\u00e4ll<\/p>\n","protected":false},"excerpt":{"rendered":"<p>&#8221;Vi g\u00f6r det i takt&#8221; &#8230; och har gjort det sedan 1934 V\u00e4lkommen till R\u00f6nneh\u00e4lls Folkdanslag V\u00e5r f\u00f6rening &#8221;Hemkommen vid jultiden 1934 fick jag h\u00f6ra talas om att man startat ett folkdanslag p\u00e5 R\u00f6nneh\u00e4ll. Nyfiken som jag var f\u00f6ljde jag med mina systrar till R\u00f6nneh\u00e4ll och satt p\u00e5 l\u00e4ktaren och \u00e5s\u00e5g dans\u00f6vningarna. Mot slutet av [&hellip;]<\/p>\n","protected":false},"author":1,"featured_media":0,"parent":0,"menu_order":0,"comment_status":"closed","ping_status":"open","template":"","meta":{"footnotes":""},"class_list":["post-2","page","type-page","status-publish","hentry"],"jetpack_sharing_enabled":true,"_links":{"self":[{"href":"https:\/\/www.folkdansringen.se\/ronnehall\/index.php?rest_route=\/wp\/v2\/pages\/2","targetHints":{"allow":["GET"]}}],"collection":[{"href":"https:\/\/www.folkdansringen.se\/ronnehall\/index.php?rest_route=\/wp\/v2\/pages"}],"about":[{"href":"https:\/\/www.folkdansringen.se\/ronnehall\/index.php?rest_route=\/wp\/v2\/types\/page"}],"author":[{"embeddable":true,"href":"https:\/\/www.folkdansringen.se\/ronnehall\/index.php?rest_route=\/wp\/v2\/users\/1"}],"replies":[{"embeddable":true,"href":"https:\/\/www.folkdansringen.se\/ronnehall\/index.php?rest_route=%2Fwp%2Fv2%2Fcomments&post=2"}],"version-history":[{"count":12,"href":"https:\/\/www.folkdansringen.se\/ronnehall\/index.php?rest_route=\/wp\/v2\/pages\/2\/revisions"}],"predecessor-version":[{"id":260,"href":"https:\/\/www.folkdansringen.se\/ronnehall\/index.php?rest_route=\/wp\/v2\/pages\/2\/revisions\/260"}],"wp:attachment":[{"href":"https:\/\/www.folkdansringen.se\/ronnehall\/index.php?rest_route=%2Fwp%2Fv2%2Fmedia&parent=2"}],"curies":[{"name":"wp","href":"https:\/\/api.w.org\/{rel}","templated":true}]}}