{"id":89,"date":"2025-02-14T12:10:53","date_gmt":"2025-02-14T11:10:53","guid":{"rendered":"https:\/\/www.folkdansringen.se\/boras\/?page_id=89"},"modified":"2026-02-02T13:32:12","modified_gmt":"2026-02-02T12:32:12","slug":"hyra-lokalen","status":"publish","type":"page","link":"https:\/\/www.folkdansringen.se\/boras\/index.php\/hyra-lokalen\/","title":{"rendered":"Hyra lokalen"},"content":{"rendered":"\n<p>V\u00e5r lokal g\u00e5r att hyra. Detta kostar 950:- f\u00f6r en dag, max 50 personer.<\/p>\n\n\n\n<p>P\u00e5 s\u00f6ndagar hyrs lokalen av Bor\u00e5s Spelmanslag.<\/p>\n\n\n\n<hr class=\"wp-block-separator has-alpha-channel-opacity\"\/>\n\n\n\n<p>\u00c4r du intresserad av att hyra lokalen, kontakta Berit Johansson p\u00e5 telefonnummer 0706-592712.<\/p>\n","protected":false},"excerpt":{"rendered":"<p>V\u00e5r lokal g\u00e5r att hyra. Detta kostar 950:- f\u00f6r en dag, max 50 personer. P\u00e5 s\u00f6ndagar hyrs lokalen av Bor\u00e5s Spelmanslag. \u00c4r du intresserad av att hyra lokalen, kontakta Berit Johansson p\u00e5 telefonnummer 0706-592712.<\/p>\n","protected":false},"author":1,"featured_media":0,"parent":0,"menu_order":0,"comment_status":"closed","ping_status":"closed","template":"","meta":{"_monsterinsights_skip_tracking":false,"_monsterinsights_sitenote_active":false,"_monsterinsights_sitenote_note":"","_monsterinsights_sitenote_category":0,"_uf_show_specific_survey":0,"_uf_disable_surveys":false,"footnotes":""},"class_list":["post-89","page","type-page","status-publish","hentry"],"aioseo_notices":[],"_links":{"self":[{"href":"https:\/\/www.folkdansringen.se\/boras\/index.php\/wp-json\/wp\/v2\/pages\/89","targetHints":{"allow":["GET"]}}],"collection":[{"href":"https:\/\/www.folkdansringen.se\/boras\/index.php\/wp-json\/wp\/v2\/pages"}],"about":[{"href":"https:\/\/www.folkdansringen.se\/boras\/index.php\/wp-json\/wp\/v2\/types\/page"}],"author":[{"embeddable":true,"href":"https:\/\/www.folkdansringen.se\/boras\/index.php\/wp-json\/wp\/v2\/users\/1"}],"replies":[{"embeddable":true,"href":"https:\/\/www.folkdansringen.se\/boras\/index.php\/wp-json\/wp\/v2\/comments?post=89"}],"version-history":[{"count":3,"href":"https:\/\/www.folkdansringen.se\/boras\/index.php\/wp-json\/wp\/v2\/pages\/89\/revisions"}],"predecessor-version":[{"id":180,"href":"https:\/\/www.folkdansringen.se\/boras\/index.php\/wp-json\/wp\/v2\/pages\/89\/revisions\/180"}],"wp:attachment":[{"href":"https:\/\/www.folkdansringen.se\/boras\/index.php\/wp-json\/wp\/v2\/media?parent=89"}],"curies":[{"name":"wp","href":"https:\/\/api.w.org\/{rel}","templated":true}]}}