{"id":36,"date":"2025-02-09T21:05:18","date_gmt":"2025-02-09T20:05:18","guid":{"rendered":"https:\/\/www.folkdansringen.se\/boras\/?page_id=36"},"modified":"2025-09-13T17:02:14","modified_gmt":"2025-09-13T15:02:14","slug":"draktsektionen","status":"publish","type":"page","link":"https:\/\/www.folkdansringen.se\/boras\/index.php\/sektioner\/draktsektionen\/","title":{"rendered":"Dr\u00e4kt"},"content":{"rendered":"\n<p>Dr\u00e4ktsektionen tr\u00e4ffas p\u00e5 tisdagar klockan 18:00 &#8211; 21:00 f\u00f6r s\u00f6mnad tillsammans.<\/p>\n\n\n\n<p>Ansvarig f\u00f6r dr\u00e4ktsektionen \u00e4r Christina Backlund.<\/p>\n\n\n\n<p>Vill du sy tillsammans med oss? Kontakta Christina p\u00e5 070-365 10 94.<\/p>\n\n\n\n<hr class=\"wp-block-separator has-alpha-channel-opacity\"\/>\n\n\n\n<figure class=\"wp-block-image size-large\"><img loading=\"lazy\" decoding=\"async\" width=\"1024\" height=\"391\" src=\"https:\/\/www.folkdansringen.se\/boras\/wp-content\/uploads\/2025\/02\/cropped-Toarp-gammal-1024x391.jpg\" alt=\"\" class=\"wp-image-15\" srcset=\"https:\/\/www.folkdansringen.se\/boras\/wp-content\/uploads\/2025\/02\/cropped-Toarp-gammal-1024x391.jpg 1024w, https:\/\/www.folkdansringen.se\/boras\/wp-content\/uploads\/2025\/02\/cropped-Toarp-gammal-300x115.jpg 300w, https:\/\/www.folkdansringen.se\/boras\/wp-content\/uploads\/2025\/02\/cropped-Toarp-gammal-768x293.jpg 768w, https:\/\/www.folkdansringen.se\/boras\/wp-content\/uploads\/2025\/02\/cropped-Toarp-gammal-1536x587.jpg 1536w, https:\/\/www.folkdansringen.se\/boras\/wp-content\/uploads\/2025\/02\/cropped-Toarp-gammal.jpg 2000w\" sizes=\"auto, (max-width: 1024px) 100vw, 1024px\" \/><\/figure>\n\n\n\n<figure class=\"wp-block-gallery has-nested-images columns-default is-cropped wp-block-gallery-1 is-layout-flex wp-block-gallery-is-layout-flex\">\n<figure class=\"wp-block-image size-medium\"><img loading=\"lazy\" decoding=\"async\" width=\"225\" height=\"300\" data-id=\"133\" src=\"https:\/\/www.folkdansringen.se\/boras\/wp-content\/uploads\/2025\/09\/IMG_0775-225x300.jpeg\" alt=\"\" class=\"wp-image-133\" srcset=\"https:\/\/www.folkdansringen.se\/boras\/wp-content\/uploads\/2025\/09\/IMG_0775-225x300.jpeg 225w, https:\/\/www.folkdansringen.se\/boras\/wp-content\/uploads\/2025\/09\/IMG_0775-768x1024.jpeg 768w, https:\/\/www.folkdansringen.se\/boras\/wp-content\/uploads\/2025\/09\/IMG_0775-1152x1536.jpeg 1152w, https:\/\/www.folkdansringen.se\/boras\/wp-content\/uploads\/2025\/09\/IMG_0775.jpeg 1536w\" sizes=\"auto, (max-width: 225px) 100vw, 225px\" \/><\/figure>\n\n\n\n<figure class=\"wp-block-image size-medium\"><img loading=\"lazy\" decoding=\"async\" width=\"225\" height=\"300\" data-id=\"134\" src=\"https:\/\/www.folkdansringen.se\/boras\/wp-content\/uploads\/2025\/09\/IMG_0779-225x300.jpeg\" alt=\"\" class=\"wp-image-134\" srcset=\"https:\/\/www.folkdansringen.se\/boras\/wp-content\/uploads\/2025\/09\/IMG_0779-225x300.jpeg 225w, https:\/\/www.folkdansringen.se\/boras\/wp-content\/uploads\/2025\/09\/IMG_0779-768x1024.jpeg 768w, https:\/\/www.folkdansringen.se\/boras\/wp-content\/uploads\/2025\/09\/IMG_0779-1152x1536.jpeg 1152w, https:\/\/www.folkdansringen.se\/boras\/wp-content\/uploads\/2025\/09\/IMG_0779.jpeg 1536w\" sizes=\"auto, (max-width: 225px) 100vw, 225px\" \/><\/figure>\n\n\n\n<figure class=\"wp-block-image size-medium\"><img loading=\"lazy\" decoding=\"async\" width=\"225\" height=\"300\" data-id=\"135\" src=\"https:\/\/www.folkdansringen.se\/boras\/wp-content\/uploads\/2025\/09\/IMG_0783-225x300.jpeg\" alt=\"\" class=\"wp-image-135\" srcset=\"https:\/\/www.folkdansringen.se\/boras\/wp-content\/uploads\/2025\/09\/IMG_0783-225x300.jpeg 225w, https:\/\/www.folkdansringen.se\/boras\/wp-content\/uploads\/2025\/09\/IMG_0783-768x1024.jpeg 768w, https:\/\/www.folkdansringen.se\/boras\/wp-content\/uploads\/2025\/09\/IMG_0783-1152x1536.jpeg 1152w, https:\/\/www.folkdansringen.se\/boras\/wp-content\/uploads\/2025\/09\/IMG_0783.jpeg 1536w\" sizes=\"auto, (max-width: 225px) 100vw, 225px\" \/><\/figure>\n<\/figure>\n","protected":false},"excerpt":{"rendered":"<p>Dr\u00e4ktsektionen tr\u00e4ffas p\u00e5 tisdagar klockan 18:00 &#8211; 21:00 f\u00f6r s\u00f6mnad tillsammans. Ansvarig f\u00f6r dr\u00e4ktsektionen \u00e4r Christina Backlund. Vill du sy tillsammans med oss? Kontakta Christina p\u00e5 070-365 10 94.<\/p>\n","protected":false},"author":1,"featured_media":0,"parent":57,"menu_order":0,"comment_status":"closed","ping_status":"closed","template":"","meta":{"_monsterinsights_skip_tracking":false,"_monsterinsights_sitenote_active":false,"_monsterinsights_sitenote_note":"","_monsterinsights_sitenote_category":0,"_uf_show_specific_survey":0,"_uf_disable_surveys":false,"footnotes":""},"class_list":["post-36","page","type-page","status-publish","hentry"],"aioseo_notices":[],"_links":{"self":[{"href":"https:\/\/www.folkdansringen.se\/boras\/index.php\/wp-json\/wp\/v2\/pages\/36","targetHints":{"allow":["GET"]}}],"collection":[{"href":"https:\/\/www.folkdansringen.se\/boras\/index.php\/wp-json\/wp\/v2\/pages"}],"about":[{"href":"https:\/\/www.folkdansringen.se\/boras\/index.php\/wp-json\/wp\/v2\/types\/page"}],"author":[{"embeddable":true,"href":"https:\/\/www.folkdansringen.se\/boras\/index.php\/wp-json\/wp\/v2\/users\/1"}],"replies":[{"embeddable":true,"href":"https:\/\/www.folkdansringen.se\/boras\/index.php\/wp-json\/wp\/v2\/comments?post=36"}],"version-history":[{"count":6,"href":"https:\/\/www.folkdansringen.se\/boras\/index.php\/wp-json\/wp\/v2\/pages\/36\/revisions"}],"predecessor-version":[{"id":137,"href":"https:\/\/www.folkdansringen.se\/boras\/index.php\/wp-json\/wp\/v2\/pages\/36\/revisions\/137"}],"up":[{"embeddable":true,"href":"https:\/\/www.folkdansringen.se\/boras\/index.php\/wp-json\/wp\/v2\/pages\/57"}],"wp:attachment":[{"href":"https:\/\/www.folkdansringen.se\/boras\/index.php\/wp-json\/wp\/v2\/media?parent=36"}],"curies":[{"name":"wp","href":"https:\/\/api.w.org\/{rel}","templated":true}]}}

Dräkt

<p>Dräktsektionen träffas på tisdagar klockan 18:00 &#8211; 21:00 för sömnad tillsammans.</p>



<p>Ansvarig för dräktsektionen är Christina Backlund.</p>



<p>Vill du sy tillsammans med oss? Kontakta Christina på 070-365 10 94.</p>



<hr class="wp-block-separator has-alpha-channel-opacity"/>



<figure class="wp-block-image size-large"><img loading="lazy" decoding="async" width="1024" height="391" src="https://www.folkdansringen.se/boras/wp-content/uploads/2025/02/cropped-Toarp-gammal-1024x391.jpg" alt="" class="wp-image-15" srcset="https://www.folkdansringen.se/boras/wp-content/uploads/2025/02/cropped-Toarp-gammal-1024x391.jpg 1024w, https://www.folkdansringen.se/boras/wp-content/uploads/2025/02/cropped-Toarp-gammal-300x115.jpg 300w, https://www.folkdansringen.se/boras/wp-content/uploads/2025/02/cropped-Toarp-gammal-768x293.jpg 768w, https://www.folkdansringen.se/boras/wp-content/uploads/2025/02/cropped-Toarp-gammal-1536x587.jpg 1536w, https://www.folkdansringen.se/boras/wp-content/uploads/2025/02/cropped-Toarp-gammal.jpg 2000w" sizes="auto, (max-width: 1024px) 100vw, 1024px" /></figure>



<figure class="wp-block-gallery has-nested-images columns-default is-cropped wp-block-gallery-1 is-layout-flex wp-block-gallery-is-layout-flex">
<figure class="wp-block-image size-medium"><img loading="lazy" decoding="async" width="225" height="300" data-id="133" src="https://www.folkdansringen.se/boras/wp-content/uploads/2025/09/IMG_0775-225x300.jpeg" alt="" class="wp-image-133" srcset="https://www.folkdansringen.se/boras/wp-content/uploads/2025/09/IMG_0775-225x300.jpeg 225w, https://www.folkdansringen.se/boras/wp-content/uploads/2025/09/IMG_0775-768x1024.jpeg 768w, https://www.folkdansringen.se/boras/wp-content/uploads/2025/09/IMG_0775-1152x1536.jpeg 1152w, https://www.folkdansringen.se/boras/wp-content/uploads/2025/09/IMG_0775.jpeg 1536w" sizes="auto, (max-width: 225px) 100vw, 225px" /></figure>



<figure class="wp-block-image size-medium"><img loading="lazy" decoding="async" width="225" height="300" data-id="134" src="https://www.folkdansringen.se/boras/wp-content/uploads/2025/09/IMG_0779-225x300.jpeg" alt="" class="wp-image-134" srcset="https://www.folkdansringen.se/boras/wp-content/uploads/2025/09/IMG_0779-225x300.jpeg 225w, https://www.folkdansringen.se/boras/wp-content/uploads/2025/09/IMG_0779-768x1024.jpeg 768w, https://www.folkdansringen.se/boras/wp-content/uploads/2025/09/IMG_0779-1152x1536.jpeg 1152w, https://www.folkdansringen.se/boras/wp-content/uploads/2025/09/IMG_0779.jpeg 1536w" sizes="auto, (max-width: 225px) 100vw, 225px" /></figure>



<figure class="wp-block-image size-medium"><img loading="lazy" decoding="async" width="225" height="300" data-id="135" src="https://www.folkdansringen.se/boras/wp-content/uploads/2025/09/IMG_0783-225x300.jpeg" alt="" class="wp-image-135" srcset="https://www.folkdansringen.se/boras/wp-content/uploads/2025/09/IMG_0783-225x300.jpeg 225w, https://www.folkdansringen.se/boras/wp-content/uploads/2025/09/IMG_0783-768x1024.jpeg 768w, https://www.folkdansringen.se/boras/wp-content/uploads/2025/09/IMG_0783-1152x1536.jpeg 1152w, https://www.folkdansringen.se/boras/wp-content/uploads/2025/09/IMG_0783.jpeg 1536w" sizes="auto, (max-width: 225px) 100vw, 225px" /></figure>
</figure>

<p>Dräktsektionen träffas på tisdagar klockan 18:00 &#8211; 21:00 för sömnad tillsammans. Ansvarig för dräktsektionen är Christina Backlund. Vill du sy tillsammans med oss? Kontakta Christina på 070-365 10 94.</p>
