{"id":144,"date":"2025-09-13T17:20:23","date_gmt":"2025-09-13T15:20:23","guid":{"rendered":"https:\/\/www.folkdansringen.se\/boras\/?page_id=144"},"modified":"2026-01-15T09:42:52","modified_gmt":"2026-01-15T08:42:52","slug":"aktuellt","status":"publish","type":"page","link":"https:\/\/www.folkdansringen.se\/boras\/index.php\/aktuellt\/","title":{"rendered":"Aktuellt"},"content":{"rendered":"\n<p>H\u00e4r nedan publiceras nyheter och aktuella h\u00e4ndelser.<\/p>\n\n\n\n<hr class=\"wp-block-separator has-alpha-channel-opacity\"\/>\n\n\n\n<p><em>2025-12-16<\/em><br><strong>Startdatum 2026<\/strong><br>D\u00e5 lokalen ska renoveras s\u00e5 senarel\u00e4ggs starten av v\u00e5rterminens aktiviteter. Se datum f\u00f6r uppstart h\u00e4r nedan:<\/p>\n\n\n\n<p>Folkdans: 26 januari<br>Dr\u00e4kt &amp; V\u00e4v: 27 januari<br>Squaredance: 28 januari<\/p>\n\n\n\n<p>God Jul och Gott Nytt \u00c5r!<\/p>\n\n\n\n<hr class=\"wp-block-separator has-alpha-channel-opacity\"\/>\n\n\n\n<p><em>2025-12-08<\/em><br><strong>Julavslutning<\/strong><br>\u00c5rets julavslutning arrangerades av folkdansen, och gick av stapeln den 8 december i Gillets lokaler. <\/p>\n\n\n\n<p>Det bj\u00f6ds traditionsenligt p\u00e5 gl\u00f6gg, gr\u00f6t och macka, och mellan detta och kaffet dansades det flertalet olika danser. I samband med kaffet drogs \u00e4ven \u00e5rets lotterivinster och delades ut. <\/p>\n\n\n\n<figure class=\"wp-block-gallery has-nested-images columns-default is-cropped wp-block-gallery-1 is-layout-flex wp-block-gallery-is-layout-flex\">\n<figure class=\"wp-block-image size-large\"><img loading=\"lazy\" decoding=\"async\" width=\"1024\" height=\"768\" data-id=\"160\" src=\"https:\/\/www.folkdansringen.se\/boras\/wp-content\/uploads\/2025\/12\/julavslutning-dans-1024x768.jpg\" alt=\"\" class=\"wp-image-160\" srcset=\"https:\/\/www.folkdansringen.se\/boras\/wp-content\/uploads\/2025\/12\/julavslutning-dans-1024x768.jpg 1024w, https:\/\/www.folkdansringen.se\/boras\/wp-content\/uploads\/2025\/12\/julavslutning-dans-300x225.jpg 300w, https:\/\/www.folkdansringen.se\/boras\/wp-content\/uploads\/2025\/12\/julavslutning-dans-768x576.jpg 768w, https:\/\/www.folkdansringen.se\/boras\/wp-content\/uploads\/2025\/12\/julavslutning-dans-1536x1152.jpg 1536w, https:\/\/www.folkdansringen.se\/boras\/wp-content\/uploads\/2025\/12\/julavslutning-dans-2048x1536.jpg 2048w\" sizes=\"auto, (max-width: 1024px) 100vw, 1024px\" \/><\/figure>\n\n\n\n<figure class=\"wp-block-image size-large\"><img loading=\"lazy\" decoding=\"async\" width=\"768\" height=\"1024\" data-id=\"161\" src=\"https:\/\/www.folkdansringen.se\/boras\/wp-content\/uploads\/2025\/12\/julavslutning-folk-768x1024.jpg\" alt=\"\" class=\"wp-image-161\" srcset=\"https:\/\/www.folkdansringen.se\/boras\/wp-content\/uploads\/2025\/12\/julavslutning-folk-768x1024.jpg 768w, https:\/\/www.folkdansringen.se\/boras\/wp-content\/uploads\/2025\/12\/julavslutning-folk-225x300.jpg 225w, https:\/\/www.folkdansringen.se\/boras\/wp-content\/uploads\/2025\/12\/julavslutning-folk-1152x1536.jpg 1152w, https:\/\/www.folkdansringen.se\/boras\/wp-content\/uploads\/2025\/12\/julavslutning-folk-1536x2048.jpg 1536w, https:\/\/www.folkdansringen.se\/boras\/wp-content\/uploads\/2025\/12\/julavslutning-folk-scaled.jpg 1920w\" sizes=\"auto, (max-width: 768px) 100vw, 768px\" \/><\/figure>\n\n\n\n<figure class=\"wp-block-image size-large\"><img loading=\"lazy\" decoding=\"async\" width=\"768\" height=\"1024\" data-id=\"162\" src=\"https:\/\/www.folkdansringen.se\/boras\/wp-content\/uploads\/2025\/12\/julavslutning-gran-768x1024.jpg\" alt=\"\" class=\"wp-image-162\" srcset=\"https:\/\/www.folkdansringen.se\/boras\/wp-content\/uploads\/2025\/12\/julavslutning-gran-768x1024.jpg 768w, https:\/\/www.folkdansringen.se\/boras\/wp-content\/uploads\/2025\/12\/julavslutning-gran-225x300.jpg 225w, https:\/\/www.folkdansringen.se\/boras\/wp-content\/uploads\/2025\/12\/julavslutning-gran-1152x1536.jpg 1152w, https:\/\/www.folkdansringen.se\/boras\/wp-content\/uploads\/2025\/12\/julavslutning-gran-1536x2048.jpg 1536w, https:\/\/www.folkdansringen.se\/boras\/wp-content\/uploads\/2025\/12\/julavslutning-gran-scaled.jpg 1920w\" sizes=\"auto, (max-width: 768px) 100vw, 768px\" \/><\/figure>\n<\/figure>\n\n\n\n<hr class=\"wp-block-separator has-alpha-channel-opacity\"\/>\n\n\n\n<p><em>2025-08-25<\/em><br><strong>Tack!<\/strong><br>Jag vill tacka Gillet f\u00f6r uppvaktningen p\u00e5 min 80-\u00e5rsdag. Vi h\u00f6ll till i Gillets lokaler d\u00e4r jag dukat upp till l\u00e5ngbord. Det serverades olika kallskuret med tillbeh\u00f6r och potatissallad. Kaffe och t\u00e5rta efter\u00e5t. <\/p>\n\n\n\n<p>Jag vill \u00e4ven tacka Lena, Anita + n\u00e5gra till f\u00f6r hj\u00e4lpen vid servering och disk. <\/p>\n\n\n\n<p>Tack, ni \u00e4r b\u00e4st. <br>Christina<\/p>\n\n\n\n<figure class=\"wp-block-gallery has-nested-images columns-2 wp-block-gallery-2 is-layout-flex wp-block-gallery-is-layout-flex\">\n<figure class=\"wp-block-image size-full\"><img loading=\"lazy\" decoding=\"async\" width=\"480\" height=\"360\" data-id=\"151\" src=\"https:\/\/www.folkdansringen.se\/boras\/wp-content\/uploads\/2025\/09\/image00000211.jpg\" alt=\"\" class=\"wp-image-151\" srcset=\"https:\/\/www.folkdansringen.se\/boras\/wp-content\/uploads\/2025\/09\/image00000211.jpg 480w, https:\/\/www.folkdansringen.se\/boras\/wp-content\/uploads\/2025\/09\/image00000211-300x225.jpg 300w\" sizes=\"auto, (max-width: 480px) 100vw, 480px\" \/><\/figure>\n\n\n\n<figure class=\"wp-block-image size-full\"><img loading=\"lazy\" decoding=\"async\" width=\"480\" height=\"360\" data-id=\"152\" src=\"https:\/\/www.folkdansringen.se\/boras\/wp-content\/uploads\/2025\/09\/image00000311.jpg\" alt=\"\" class=\"wp-image-152\" srcset=\"https:\/\/www.folkdansringen.se\/boras\/wp-content\/uploads\/2025\/09\/image00000311.jpg 480w, https:\/\/www.folkdansringen.se\/boras\/wp-content\/uploads\/2025\/09\/image00000311-300x225.jpg 300w\" sizes=\"auto, (max-width: 480px) 100vw, 480px\" \/><\/figure>\n\n\n\n<figure class=\"wp-block-image size-full\"><img loading=\"lazy\" decoding=\"async\" width=\"360\" height=\"480\" data-id=\"150\" src=\"https:\/\/www.folkdansringen.se\/boras\/wp-content\/uploads\/2025\/09\/image00000111.jpg\" alt=\"\" class=\"wp-image-150\" srcset=\"https:\/\/www.folkdansringen.se\/boras\/wp-content\/uploads\/2025\/09\/image00000111.jpg 360w, https:\/\/www.folkdansringen.se\/boras\/wp-content\/uploads\/2025\/09\/image00000111-225x300.jpg 225w\" sizes=\"auto, (max-width: 360px) 100vw, 360px\" \/><\/figure>\n<\/figure>\n\n\n\n<hr class=\"wp-block-separator has-alpha-channel-opacity\"\/>\n\n\n\n<p><em>2025-05-29<\/em><br><strong>G\u00f6kpromenad<\/strong><br>Idag var vi p\u00e5 &#8221;g\u00f6kpromenad&#8221; hos Roland i Seglora. Tipsrunda ner till V\u00e4stersj\u00f6n, fika i hans tr\u00e4dg\u00e5rd och n\u00e5gra gjorde lite luffarsl\u00f6jd. <\/p>\n\n\n\n<p>En h\u00e4rlig f\u00f6rmiddag, dock utan n\u00e5gon g\u00f6k. Tack Roland f\u00f6r en mysig stund!<\/p>\n\n\n\n<figure class=\"wp-block-image size-full\"><img loading=\"lazy\" decoding=\"async\" width=\"720\" height=\"960\" src=\"https:\/\/www.folkdansringen.se\/boras\/wp-content\/uploads\/2025\/09\/Resized_20250529_114656.jpeg\" alt=\"\" class=\"wp-image-154\" srcset=\"https:\/\/www.folkdansringen.se\/boras\/wp-content\/uploads\/2025\/09\/Resized_20250529_114656.jpeg 720w, https:\/\/www.folkdansringen.se\/boras\/wp-content\/uploads\/2025\/09\/Resized_20250529_114656-225x300.jpeg 225w\" sizes=\"auto, (max-width: 720px) 100vw, 720px\" \/><\/figure>\n\n\n\n<hr class=\"wp-block-separator has-alpha-channel-opacity\"\/>\n\n\n\n<p><em>2025-05-20<\/em><br><strong>Thomas 70 \u00e5r<\/strong><br>Thomas, en av v\u00e5ra ledare sedan m\u00e5nga \u00e5r i v\u00e5r dr\u00e4ktkurs, fyller 70 \u00e5r i \u00e5r. Han hyllades av v\u00e5r f\u00f6rening med en ny kompis &#8221;Svante&#8221; till sin kolonilott. <\/p>\n\n\n\n<figure class=\"wp-block-gallery has-nested-images columns-default is-cropped wp-block-gallery-3 is-layout-flex wp-block-gallery-is-layout-flex\">\n<figure class=\"wp-block-image size-large\"><img loading=\"lazy\" decoding=\"async\" width=\"768\" height=\"1024\" data-id=\"146\" src=\"https:\/\/www.folkdansringen.se\/boras\/wp-content\/uploads\/2025\/09\/IMG_0801-768x1024.jpeg\" alt=\"\" class=\"wp-image-146\" srcset=\"https:\/\/www.folkdansringen.se\/boras\/wp-content\/uploads\/2025\/09\/IMG_0801-768x1024.jpeg 768w, https:\/\/www.folkdansringen.se\/boras\/wp-content\/uploads\/2025\/09\/IMG_0801-225x300.jpeg 225w, https:\/\/www.folkdansringen.se\/boras\/wp-content\/uploads\/2025\/09\/IMG_0801-1152x1536.jpeg 1152w, https:\/\/www.folkdansringen.se\/boras\/wp-content\/uploads\/2025\/09\/IMG_0801.jpeg 1536w\" sizes=\"auto, (max-width: 768px) 100vw, 768px\" \/><\/figure>\n\n\n\n<figure class=\"wp-block-image size-large\"><img loading=\"lazy\" decoding=\"async\" width=\"768\" height=\"1024\" data-id=\"147\" src=\"https:\/\/www.folkdansringen.se\/boras\/wp-content\/uploads\/2025\/09\/IMG_0807-768x1024.jpeg\" alt=\"\" class=\"wp-image-147\" srcset=\"https:\/\/www.folkdansringen.se\/boras\/wp-content\/uploads\/2025\/09\/IMG_0807-768x1024.jpeg 768w, https:\/\/www.folkdansringen.se\/boras\/wp-content\/uploads\/2025\/09\/IMG_0807-225x300.jpeg 225w, https:\/\/www.folkdansringen.se\/boras\/wp-content\/uploads\/2025\/09\/IMG_0807-1152x1536.jpeg 1152w, https:\/\/www.folkdansringen.se\/boras\/wp-content\/uploads\/2025\/09\/IMG_0807.jpeg 1536w\" sizes=\"auto, (max-width: 768px) 100vw, 768px\" \/><\/figure>\n\n\n\n<figure class=\"wp-block-image size-large\"><img loading=\"lazy\" decoding=\"async\" width=\"768\" height=\"1024\" data-id=\"148\" src=\"https:\/\/www.folkdansringen.se\/boras\/wp-content\/uploads\/2025\/09\/IMG_0812-768x1024.jpeg\" alt=\"\" class=\"wp-image-148\" srcset=\"https:\/\/www.folkdansringen.se\/boras\/wp-content\/uploads\/2025\/09\/IMG_0812-768x1024.jpeg 768w, https:\/\/www.folkdansringen.se\/boras\/wp-content\/uploads\/2025\/09\/IMG_0812-225x300.jpeg 225w, https:\/\/www.folkdansringen.se\/boras\/wp-content\/uploads\/2025\/09\/IMG_0812-1152x1536.jpeg 1152w, https:\/\/www.folkdansringen.se\/boras\/wp-content\/uploads\/2025\/09\/IMG_0812.jpeg 1536w\" sizes=\"auto, (max-width: 768px) 100vw, 768px\" \/><\/figure>\n\n\n\n<figure class=\"wp-block-image size-large\"><img loading=\"lazy\" decoding=\"async\" width=\"768\" height=\"1024\" data-id=\"149\" src=\"https:\/\/www.folkdansringen.se\/boras\/wp-content\/uploads\/2025\/09\/IMG_0824-768x1024.jpeg\" alt=\"\" class=\"wp-image-149\" srcset=\"https:\/\/www.folkdansringen.se\/boras\/wp-content\/uploads\/2025\/09\/IMG_0824-768x1024.jpeg 768w, https:\/\/www.folkdansringen.se\/boras\/wp-content\/uploads\/2025\/09\/IMG_0824-225x300.jpeg 225w, https:\/\/www.folkdansringen.se\/boras\/wp-content\/uploads\/2025\/09\/IMG_0824-1152x1536.jpeg 1152w, https:\/\/www.folkdansringen.se\/boras\/wp-content\/uploads\/2025\/09\/IMG_0824.jpeg 1536w\" sizes=\"auto, (max-width: 768px) 100vw, 768px\" \/><\/figure>\n<\/figure>\n","protected":false},"excerpt":{"rendered":"<p>H\u00e4r nedan publiceras nyheter och aktuella h\u00e4ndelser. 2025-12-16Startdatum 2026D\u00e5 lokalen ska renoveras s\u00e5 senarel\u00e4ggs starten av v\u00e5rterminens aktiviteter. Se datum f\u00f6r uppstart h\u00e4r nedan: Folkdans: 26 januariDr\u00e4kt &amp; V\u00e4v: 27 januariSquaredance: 28 januari God Jul och Gott Nytt \u00c5r! 2025-12-08Julavslutning\u00c5rets julavslutning arrangerades av folkdansen, och gick av stapeln den 8 december i Gillets lokaler. Det [&hellip;]<\/p>\n","protected":false},"author":1,"featured_media":0,"parent":0,"menu_order":0,"comment_status":"closed","ping_status":"closed","template":"","meta":{"_monsterinsights_skip_tracking":false,"_monsterinsights_sitenote_active":false,"_monsterinsights_sitenote_note":"","_monsterinsights_sitenote_category":0,"_uf_show_specific_survey":0,"_uf_disable_surveys":false,"footnotes":""},"class_list":["post-144","page","type-page","status-publish","hentry"],"aioseo_notices":[],"_links":{"self":[{"href":"https:\/\/www.folkdansringen.se\/boras\/index.php\/wp-json\/wp\/v2\/pages\/144","targetHints":{"allow":["GET"]}}],"collection":[{"href":"https:\/\/www.folkdansringen.se\/boras\/index.php\/wp-json\/wp\/v2\/pages"}],"about":[{"href":"https:\/\/www.folkdansringen.se\/boras\/index.php\/wp-json\/wp\/v2\/types\/page"}],"author":[{"embeddable":true,"href":"https:\/\/www.folkdansringen.se\/boras\/index.php\/wp-json\/wp\/v2\/users\/1"}],"replies":[{"embeddable":true,"href":"https:\/\/www.folkdansringen.se\/boras\/index.php\/wp-json\/wp\/v2\/comments?post=144"}],"version-history":[{"count":5,"href":"https:\/\/www.folkdansringen.se\/boras\/index.php\/wp-json\/wp\/v2\/pages\/144\/revisions"}],"predecessor-version":[{"id":172,"href":"https:\/\/www.folkdansringen.se\/boras\/index.php\/wp-json\/wp\/v2\/pages\/144\/revisions\/172"}],"wp:attachment":[{"href":"https:\/\/www.folkdansringen.se\/boras\/index.php\/wp-json\/wp\/v2\/media?parent=144"}],"curies":[{"name":"wp","href":"https:\/\/api.w.org\/{rel}","templated":true}]}}

<p>Här nedan publiceras nyheter och aktuella händelser.</p>



<hr class="wp-block-separator has-alpha-channel-opacity"/>



<p><em>2025-12-16</em><br><strong>Startdatum 2026</strong><br>Då lokalen ska renoveras så senareläggs starten av vårterminens aktiviteter. Se datum för uppstart här nedan:</p>



<p>Folkdans: 26 januari<br>Dräkt &amp; Väv: 27 januari<br>Squaredance: 28 januari</p>



<p>God Jul och Gott Nytt År!</p>



<hr class="wp-block-separator has-alpha-channel-opacity"/>



<p><em>2025-12-08</em><br><strong>Julavslutning</strong><br>Årets julavslutning arrangerades av folkdansen, och gick av stapeln den 8 december i Gillets lokaler. </p>



<p>Det bjöds traditionsenligt på glögg, gröt och macka, och mellan detta och kaffet dansades det flertalet olika danser. I samband med kaffet drogs även årets lotterivinster och delades ut. </p>



<figure class="wp-block-gallery has-nested-images columns-default is-cropped wp-block-gallery-1 is-layout-flex wp-block-gallery-is-layout-flex">
<figure class="wp-block-image size-large"><img loading="lazy" decoding="async" width="1024" height="768" data-id="160" src="https://www.folkdansringen.se/boras/wp-content/uploads/2025/12/julavslutning-dans-1024x768.jpg" alt="" class="wp-image-160" srcset="https://www.folkdansringen.se/boras/wp-content/uploads/2025/12/julavslutning-dans-1024x768.jpg 1024w, https://www.folkdansringen.se/boras/wp-content/uploads/2025/12/julavslutning-dans-300x225.jpg 300w, https://www.folkdansringen.se/boras/wp-content/uploads/2025/12/julavslutning-dans-768x576.jpg 768w, https://www.folkdansringen.se/boras/wp-content/uploads/2025/12/julavslutning-dans-1536x1152.jpg 1536w, https://www.folkdansringen.se/boras/wp-content/uploads/2025/12/julavslutning-dans-2048x1536.jpg 2048w" sizes="auto, (max-width: 1024px) 100vw, 1024px" /></figure>



<figure class="wp-block-image size-large"><img loading="lazy" decoding="async" width="768" height="1024" data-id="161" src="https://www.folkdansringen.se/boras/wp-content/uploads/2025/12/julavslutning-folk-768x1024.jpg" alt="" class="wp-image-161" srcset="https://www.folkdansringen.se/boras/wp-content/uploads/2025/12/julavslutning-folk-768x1024.jpg 768w, https://www.folkdansringen.se/boras/wp-content/uploads/2025/12/julavslutning-folk-225x300.jpg 225w, https://www.folkdansringen.se/boras/wp-content/uploads/2025/12/julavslutning-folk-1152x1536.jpg 1152w, https://www.folkdansringen.se/boras/wp-content/uploads/2025/12/julavslutning-folk-1536x2048.jpg 1536w, https://www.folkdansringen.se/boras/wp-content/uploads/2025/12/julavslutning-folk-scaled.jpg 1920w" sizes="auto, (max-width: 768px) 100vw, 768px" /></figure>



<figure class="wp-block-image size-large"><img loading="lazy" decoding="async" width="768" height="1024" data-id="162" src="https://www.folkdansringen.se/boras/wp-content/uploads/2025/12/julavslutning-gran-768x1024.jpg" alt="" class="wp-image-162" srcset="https://www.folkdansringen.se/boras/wp-content/uploads/2025/12/julavslutning-gran-768x1024.jpg 768w, https://www.folkdansringen.se/boras/wp-content/uploads/2025/12/julavslutning-gran-225x300.jpg 225w, https://www.folkdansringen.se/boras/wp-content/uploads/2025/12/julavslutning-gran-1152x1536.jpg 1152w, https://www.folkdansringen.se/boras/wp-content/uploads/2025/12/julavslutning-gran-1536x2048.jpg 1536w, https://www.folkdansringen.se/boras/wp-content/uploads/2025/12/julavslutning-gran-scaled.jpg 1920w" sizes="auto, (max-width: 768px) 100vw, 768px" /></figure>
</figure>



<hr class="wp-block-separator has-alpha-channel-opacity"/>



<p><em>2025-08-25</em><br><strong>Tack!</strong><br>Jag vill tacka Gillet för uppvaktningen på min 80-årsdag. Vi höll till i Gillets lokaler där jag dukat upp till långbord. Det serverades olika kallskuret med tillbehör och potatissallad. Kaffe och tårta efteråt. </p>



<p>Jag vill även tacka Lena, Anita + några till för hjälpen vid servering och disk. </p>



<p>Tack, ni är bäst. <br>Christina</p>



<figure class="wp-block-gallery has-nested-images columns-2 wp-block-gallery-2 is-layout-flex wp-block-gallery-is-layout-flex">
<figure class="wp-block-image size-full"><img loading="lazy" decoding="async" width="480" height="360" data-id="151" src="https://www.folkdansringen.se/boras/wp-content/uploads/2025/09/image00000211.jpg" alt="" class="wp-image-151" srcset="https://www.folkdansringen.se/boras/wp-content/uploads/2025/09/image00000211.jpg 480w, https://www.folkdansringen.se/boras/wp-content/uploads/2025/09/image00000211-300x225.jpg 300w" sizes="auto, (max-width: 480px) 100vw, 480px" /></figure>



<figure class="wp-block-image size-full"><img loading="lazy" decoding="async" width="480" height="360" data-id="152" src="https://www.folkdansringen.se/boras/wp-content/uploads/2025/09/image00000311.jpg" alt="" class="wp-image-152" srcset="https://www.folkdansringen.se/boras/wp-content/uploads/2025/09/image00000311.jpg 480w, https://www.folkdansringen.se/boras/wp-content/uploads/2025/09/image00000311-300x225.jpg 300w" sizes="auto, (max-width: 480px) 100vw, 480px" /></figure>



<figure class="wp-block-image size-full"><img loading="lazy" decoding="async" width="360" height="480" data-id="150" src="https://www.folkdansringen.se/boras/wp-content/uploads/2025/09/image00000111.jpg" alt="" class="wp-image-150" srcset="https://www.folkdansringen.se/boras/wp-content/uploads/2025/09/image00000111.jpg 360w, https://www.folkdansringen.se/boras/wp-content/uploads/2025/09/image00000111-225x300.jpg 225w" sizes="auto, (max-width: 360px) 100vw, 360px" /></figure>
</figure>



<hr class="wp-block-separator has-alpha-channel-opacity"/>



<p><em>2025-05-29</em><br><strong>Gökpromenad</strong><br>Idag var vi på &#8221;gökpromenad&#8221; hos Roland i Seglora. Tipsrunda ner till Västersjön, fika i hans trädgård och några gjorde lite luffarslöjd. </p>



<p>En härlig förmiddag, dock utan någon gök. Tack Roland för en mysig stund!</p>



<figure class="wp-block-image size-full"><img loading="lazy" decoding="async" width="720" height="960" src="https://www.folkdansringen.se/boras/wp-content/uploads/2025/09/Resized_20250529_114656.jpeg" alt="" class="wp-image-154" srcset="https://www.folkdansringen.se/boras/wp-content/uploads/2025/09/Resized_20250529_114656.jpeg 720w, https://www.folkdansringen.se/boras/wp-content/uploads/2025/09/Resized_20250529_114656-225x300.jpeg 225w" sizes="auto, (max-width: 720px) 100vw, 720px" /></figure>



<hr class="wp-block-separator has-alpha-channel-opacity"/>



<p><em>2025-05-20</em><br><strong>Thomas 70 år</strong><br>Thomas, en av våra ledare sedan många år i vår dräktkurs, fyller 70 år i år. Han hyllades av vår förening med en ny kompis &#8221;Svante&#8221; till sin kolonilott. </p>



<figure class="wp-block-gallery has-nested-images columns-default is-cropped wp-block-gallery-3 is-layout-flex wp-block-gallery-is-layout-flex">
<figure class="wp-block-image size-large"><img loading="lazy" decoding="async" width="768" height="1024" data-id="146" src="https://www.folkdansringen.se/boras/wp-content/uploads/2025/09/IMG_0801-768x1024.jpeg" alt="" class="wp-image-146" srcset="https://www.folkdansringen.se/boras/wp-content/uploads/2025/09/IMG_0801-768x1024.jpeg 768w, https://www.folkdansringen.se/boras/wp-content/uploads/2025/09/IMG_0801-225x300.jpeg 225w, https://www.folkdansringen.se/boras/wp-content/uploads/2025/09/IMG_0801-1152x1536.jpeg 1152w, https://www.folkdansringen.se/boras/wp-content/uploads/2025/09/IMG_0801.jpeg 1536w" sizes="auto, (max-width: 768px) 100vw, 768px" /></figure>



<figure class="wp-block-image size-large"><img loading="lazy" decoding="async" width="768" height="1024" data-id="147" src="https://www.folkdansringen.se/boras/wp-content/uploads/2025/09/IMG_0807-768x1024.jpeg" alt="" class="wp-image-147" srcset="https://www.folkdansringen.se/boras/wp-content/uploads/2025/09/IMG_0807-768x1024.jpeg 768w, https://www.folkdansringen.se/boras/wp-content/uploads/2025/09/IMG_0807-225x300.jpeg 225w, https://www.folkdansringen.se/boras/wp-content/uploads/2025/09/IMG_0807-1152x1536.jpeg 1152w, https://www.folkdansringen.se/boras/wp-content/uploads/2025/09/IMG_0807.jpeg 1536w" sizes="auto, (max-width: 768px) 100vw, 768px" /></figure>



<figure class="wp-block-image size-large"><img loading="lazy" decoding="async" width="768" height="1024" data-id="148" src="https://www.folkdansringen.se/boras/wp-content/uploads/2025/09/IMG_0812-768x1024.jpeg" alt="" class="wp-image-148" srcset="https://www.folkdansringen.se/boras/wp-content/uploads/2025/09/IMG_0812-768x1024.jpeg 768w, https://www.folkdansringen.se/boras/wp-content/uploads/2025/09/IMG_0812-225x300.jpeg 225w, https://www.folkdansringen.se/boras/wp-content/uploads/2025/09/IMG_0812-1152x1536.jpeg 1152w, https://www.folkdansringen.se/boras/wp-content/uploads/2025/09/IMG_0812.jpeg 1536w" sizes="auto, (max-width: 768px) 100vw, 768px" /></figure>



<figure class="wp-block-image size-large"><img loading="lazy" decoding="async" width="768" height="1024" data-id="149" src="https://www.folkdansringen.se/boras/wp-content/uploads/2025/09/IMG_0824-768x1024.jpeg" alt="" class="wp-image-149" srcset="https://www.folkdansringen.se/boras/wp-content/uploads/2025/09/IMG_0824-768x1024.jpeg 768w, https://www.folkdansringen.se/boras/wp-content/uploads/2025/09/IMG_0824-225x300.jpeg 225w, https://www.folkdansringen.se/boras/wp-content/uploads/2025/09/IMG_0824-1152x1536.jpeg 1152w, https://www.folkdansringen.se/boras/wp-content/uploads/2025/09/IMG_0824.jpeg 1536w" sizes="auto, (max-width: 768px) 100vw, 768px" /></figure>
</figure>

<p>Här nedan publiceras nyheter och aktuella händelser. 2025-12-16Startdatum 2026Då lokalen ska renoveras så senareläggs starten av vårterminens aktiviteter. Se datum för uppstart här nedan: Folkdans: 26 januariDräkt &amp; Väv: 27 januariSquaredance: 28 januari God Jul och Gott Nytt År! 2025-12-08JulavslutningÅrets julavslutning arrangerades av folkdansen, och gick av stapeln den 8 december i Gillets lokaler. Det [&hellip;]</p>
