{"id":122,"date":"2025-03-06T10:01:34","date_gmt":"2025-03-06T09:01:34","guid":{"rendered":"https:\/\/www.folkdansringen.se\/boras\/?page_id=122"},"modified":"2026-01-15T10:04:57","modified_gmt":"2026-01-15T09:04:57","slug":"kalendarium","status":"publish","type":"page","link":"https:\/\/www.folkdansringen.se\/boras\/index.php\/kalendarium\/","title":{"rendered":"Kalendarium"},"content":{"rendered":"\n<p><strong>Start v\u00e5rtermin 2026<\/strong><\/p>\n\n\n\n<p>Folkdans: 26 januari<br>Dr\u00e4kt &amp; V\u00e4v: 27 januari<br>Squaredance: 28 januari<\/p>\n\n\n\n<hr class=\"wp-block-separator has-alpha-channel-opacity\"\/>\n\n\n\n<p class=\"has-large-font-size\"><strong>2026<\/strong><\/p>\n\n\n\n<figure class=\"wp-block-table\"><table><thead><tr><th>Dag<\/th><th>Datum<\/th><th>Aktivitet<\/th><\/tr><\/thead><tbody><tr><td><em>Januari<\/em><\/td><td><\/td><td><\/td><\/tr><tr><td>M\u00e5ndag<\/td><td>2026-01-26<\/td><td>Folkdans start<\/td><\/tr><tr><td>Tisdag<\/td><td>2026-01-27<\/td><td>Dr\u00e4kt start<\/td><\/tr><tr><td>Onsdag<\/td><td>2026-01-28<\/td><td>Square start<\/td><\/tr><tr><td>Torsdag<\/td><td>2026-01-29<\/td><td>Uthyrt BRF m\u00f6te (service)<\/td><\/tr><tr><td><strong>L\u00f6rdag<\/strong><\/td><td><strong>2026-01-31<\/strong><\/td><td><strong>\u00c5rsm\u00f6te<\/strong><\/td><\/tr><tr><td><em>Februari<\/em><\/td><td><\/td><td><\/td><\/tr><tr><td>Torsdag<\/td><td>2026-02-05<\/td><td>F\u00f6reningsgalan (folkdansuppvisning)<\/td><\/tr><tr><td>L\u00f6rdag<\/td><td>2026-02-07<\/td><td>Square intensivdag Plus<\/td><\/tr><tr><td>L\u00f6rdag<\/td><td>2026-02-14<\/td><td>Uthyrt De 7 h hemsl\u00f6jd<\/td><\/tr><tr><td><em>Mars<\/em><\/td><td><\/td><td><\/td><\/tr><tr><td>L\u00f6rdag<\/td><td>2026-03-07<\/td><td>\u00c5rsm\u00f6te Fd VG Bergs bygdeg\u00e5rd, Sk\u00f6vde\/Mariestad<\/td><\/tr><tr><td>L\u00f6rdag<\/td><td>2026-03-14<\/td><td>Square intensivdag Plus<\/td><\/tr><tr><td>S\u00f6ndag<\/td><td>2026-03-29<\/td><td>ev Danskurs Fd VG V\u00e4nersborg<\/td><\/tr><tr><td><em>April<\/em><\/td><td><\/td><td><\/td><\/tr><tr><td>L\u00f6rdag<\/td><td>2026-04-18<\/td><td>Square intensivdag Plus<\/td><\/tr><tr><td><strong>Tisdag<\/strong><\/td><td><strong>2026-04-21<\/strong><\/td><td><strong>Medlemsm\u00f6te dr\u00e4kt\/v\u00e4v<\/strong><\/td><\/tr><tr><td><em>Maj<\/em><\/td><td><\/td><td><\/td><\/tr><tr><td>Fre-S\u00f6n<\/td><td>2026-05-01 &#8211; 2026-05-03<\/td><td>Squareconvention i V\u00e4ster\u00e5s inkl \u00c5rsm\u00f6te<\/td><\/tr><tr><td>S\u00f6ndag<\/td><td>2026-03-05<\/td><td>M\u00f6t v\u00e5ren i Ramnaparken<\/td><\/tr><tr><td>Fredag<\/td><td>2026-05-22<\/td><td>ev v\u00e5ravslutning m Logdans\/Westernfest<\/td><\/tr><tr><td>L\u00f6rdag<\/td><td>2026-05-23<\/td><td>ev Resa i V\u00e5r Bygd Fd VG<\/td><\/tr><tr><td>Tisdag<\/td><td>2026-05-26<\/td><td>Dr\u00e4kt sista<\/td><\/tr><tr><td>Fredag<\/td><td>2026-05-29<\/td><td>ev v\u00e5ravslutning m Logdans\/Westernfest<\/td><\/tr><tr><td><em>Juni<\/em><\/td><td><\/td><td><\/td><\/tr><tr><td>Torsdag<\/td><td>2026-06-18<\/td><td>Folkdansuppvisningar (midsommar)<\/td><\/tr><tr><td>Fredag<\/td><td>2026-06-19<\/td><td>Folkdansuppvisningar (midsommar)<\/td><\/tr><tr><td><em>Augusti<\/em><\/td><td><\/td><td><\/td><\/tr><tr><td><strong>Onsdag<\/strong><\/td><td><strong>2026-08-26<\/strong><\/td><td><strong>Medlemsm\u00f6te squaredans<\/strong><\/td><\/tr><tr><td>L\u00f6rdag<\/td><td>2026-08-29<\/td><td>Squaredansens dag<\/td><\/tr><tr><td>M\u00e5ndag<\/td><td>2026-08-31<\/td><td>Folkdans start<\/td><\/tr><tr><td><em>September<\/em><\/td><td><\/td><td><\/td><\/tr><tr><td>Tisdag<\/td><td>2026-09-01<\/td><td>Dr\u00e4kt start<\/td><\/tr><tr><td>Onsdag<\/td><td>2026-09-02<\/td><td>ev Squaredans start<\/td><\/tr><tr><td>L\u00f6rdag<\/td><td>2026-09-12<\/td><td>Distriktsm\u00f6te digitalt Fd VG<\/td><\/tr><tr><td>S\u00f6ndag<\/td><td>2026-09-27<\/td><td>Stordansdag Fd VG folkdans<\/td><\/tr><tr><td>Oktober<\/td><td><\/td><td><\/td><\/tr><tr><td>S\u00f6ndag<\/td><td>2026-10-25<\/td><td>ev Danskurs Fd VG folkdans<\/td><\/tr><tr><td><em>November<\/em><\/td><td><\/td><td><\/td><\/tr><tr><td><strong>M\u00e5ndag<\/strong><\/td><td><strong>2026-11-16<\/strong><\/td><td><strong>Medlemsm\u00f6te folkdans<\/strong><\/td><\/tr><tr><td>M\u00e5ndag<\/td><td>2026-11-30<\/td><td>Folkdans sista<\/td><\/tr><tr><td><em>December<\/em><\/td><td><\/td><td><\/td><\/tr><tr><td><strong>Tisdag<\/strong><\/td><td><strong>2026-12-08<\/strong><\/td><td><strong>Julkalas dr\u00e4kt\/v\u00e4v<\/strong><\/td><\/tr><\/tbody><\/table><\/figure>\n\n\n\n<p><\/p>\n","protected":false},"excerpt":{"rendered":"<p>Start v\u00e5rtermin 2026 Folkdans: 26 januariDr\u00e4kt &amp; V\u00e4v: 27 januariSquaredance: 28 januari 2026 Dag Datum Aktivitet Januari M\u00e5ndag 2026-01-26 Folkdans start Tisdag 2026-01-27 Dr\u00e4kt start Onsdag 2026-01-28 Square start Torsdag 2026-01-29 Uthyrt BRF m\u00f6te (service) L\u00f6rdag 2026-01-31 \u00c5rsm\u00f6te Februari Torsdag 2026-02-05 F\u00f6reningsgalan (folkdansuppvisning) L\u00f6rdag 2026-02-07 Square intensivdag Plus L\u00f6rdag 2026-02-14 Uthyrt De 7 h hemsl\u00f6jd [&hellip;]<\/p>\n","protected":false},"author":1,"featured_media":0,"parent":0,"menu_order":0,"comment_status":"closed","ping_status":"closed","template":"","meta":{"_monsterinsights_skip_tracking":false,"_monsterinsights_sitenote_active":false,"_monsterinsights_sitenote_note":"","_monsterinsights_sitenote_category":0,"_uf_show_specific_survey":0,"_uf_disable_surveys":false,"footnotes":""},"class_list":["post-122","page","type-page","status-publish","hentry"],"aioseo_notices":[],"_links":{"self":[{"href":"https:\/\/www.folkdansringen.se\/boras\/index.php\/wp-json\/wp\/v2\/pages\/122","targetHints":{"allow":["GET"]}}],"collection":[{"href":"https:\/\/www.folkdansringen.se\/boras\/index.php\/wp-json\/wp\/v2\/pages"}],"about":[{"href":"https:\/\/www.folkdansringen.se\/boras\/index.php\/wp-json\/wp\/v2\/types\/page"}],"author":[{"embeddable":true,"href":"https:\/\/www.folkdansringen.se\/boras\/index.php\/wp-json\/wp\/v2\/users\/1"}],"replies":[{"embeddable":true,"href":"https:\/\/www.folkdansringen.se\/boras\/index.php\/wp-json\/wp\/v2\/comments?post=122"}],"version-history":[{"count":5,"href":"https:\/\/www.folkdansringen.se\/boras\/index.php\/wp-json\/wp\/v2\/pages\/122\/revisions"}],"predecessor-version":[{"id":179,"href":"https:\/\/www.folkdansringen.se\/boras\/index.php\/wp-json\/wp\/v2\/pages\/122\/revisions\/179"}],"wp:attachment":[{"href":"https:\/\/www.folkdansringen.se\/boras\/index.php\/wp-json\/wp\/v2\/media?parent=122"}],"curies":[{"name":"wp","href":"https:\/\/api.w.org\/{rel}","templated":true}]}}

<p><strong>Start vårtermin 2026</strong></p>



<p>Folkdans: 26 januari<br>Dräkt &amp; Väv: 27 januari<br>Squaredance: 28 januari</p>



<hr class="wp-block-separator has-alpha-channel-opacity"/>



<p class="has-large-font-size"><strong>2026</strong></p>



<figure class="wp-block-table"><table><thead><tr><th>Dag</th><th>Datum</th><th>Aktivitet</th></tr></thead><tbody><tr><td><em>Januari</em></td><td></td><td></td></tr><tr><td>Måndag</td><td>2026-01-26</td><td>Folkdans start</td></tr><tr><td>Tisdag</td><td>2026-01-27</td><td>Dräkt start</td></tr><tr><td>Onsdag</td><td>2026-01-28</td><td>Square start</td></tr><tr><td>Torsdag</td><td>2026-01-29</td><td>Uthyrt BRF möte (service)</td></tr><tr><td><strong>Lördag</strong></td><td><strong>2026-01-31</strong></td><td><strong>Årsmöte</strong></td></tr><tr><td><em>Februari</em></td><td></td><td></td></tr><tr><td>Torsdag</td><td>2026-02-05</td><td>Föreningsgalan (folkdansuppvisning)</td></tr><tr><td>Lördag</td><td>2026-02-07</td><td>Square intensivdag Plus</td></tr><tr><td>Lördag</td><td>2026-02-14</td><td>Uthyrt De 7 h hemslöjd</td></tr><tr><td><em>Mars</em></td><td></td><td></td></tr><tr><td>Lördag</td><td>2026-03-07</td><td>Årsmöte Fd VG Bergs bygdegård, Skövde/Mariestad</td></tr><tr><td>Lördag</td><td>2026-03-14</td><td>Square intensivdag Plus</td></tr><tr><td>Söndag</td><td>2026-03-29</td><td>ev Danskurs Fd VG Vänersborg</td></tr><tr><td><em>April</em></td><td></td><td></td></tr><tr><td>Lördag</td><td>2026-04-18</td><td>Square intensivdag Plus</td></tr><tr><td><strong>Tisdag</strong></td><td><strong>2026-04-21</strong></td><td><strong>Medlemsmöte dräkt/väv</strong></td></tr><tr><td><em>Maj</em></td><td></td><td></td></tr><tr><td>Fre-Sön</td><td>2026-05-01 &#8211; 2026-05-03</td><td>Squareconvention i Västerås inkl Årsmöte</td></tr><tr><td>Söndag</td><td>2026-03-05</td><td>Möt våren i Ramnaparken</td></tr><tr><td>Fredag</td><td>2026-05-22</td><td>ev våravslutning m Logdans/Westernfest</td></tr><tr><td>Lördag</td><td>2026-05-23</td><td>ev Resa i Vår Bygd Fd VG</td></tr><tr><td>Tisdag</td><td>2026-05-26</td><td>Dräkt sista</td></tr><tr><td>Fredag</td><td>2026-05-29</td><td>ev våravslutning m Logdans/Westernfest</td></tr><tr><td><em>Juni</em></td><td></td><td></td></tr><tr><td>Torsdag</td><td>2026-06-18</td><td>Folkdansuppvisningar (midsommar)</td></tr><tr><td>Fredag</td><td>2026-06-19</td><td>Folkdansuppvisningar (midsommar)</td></tr><tr><td><em>Augusti</em></td><td></td><td></td></tr><tr><td><strong>Onsdag</strong></td><td><strong>2026-08-26</strong></td><td><strong>Medlemsmöte squaredans</strong></td></tr><tr><td>Lördag</td><td>2026-08-29</td><td>Squaredansens dag</td></tr><tr><td>Måndag</td><td>2026-08-31</td><td>Folkdans start</td></tr><tr><td><em>September</em></td><td></td><td></td></tr><tr><td>Tisdag</td><td>2026-09-01</td><td>Dräkt start</td></tr><tr><td>Onsdag</td><td>2026-09-02</td><td>ev Squaredans start</td></tr><tr><td>Lördag</td><td>2026-09-12</td><td>Distriktsmöte digitalt Fd VG</td></tr><tr><td>Söndag</td><td>2026-09-27</td><td>Stordansdag Fd VG folkdans</td></tr><tr><td>Oktober</td><td></td><td></td></tr><tr><td>Söndag</td><td>2026-10-25</td><td>ev Danskurs Fd VG folkdans</td></tr><tr><td><em>November</em></td><td></td><td></td></tr><tr><td><strong>Måndag</strong></td><td><strong>2026-11-16</strong></td><td><strong>Medlemsmöte folkdans</strong></td></tr><tr><td>Måndag</td><td>2026-11-30</td><td>Folkdans sista</td></tr><tr><td><em>December</em></td><td></td><td></td></tr><tr><td><strong>Tisdag</strong></td><td><strong>2026-12-08</strong></td><td><strong>Julkalas dräkt/väv</strong></td></tr></tbody></table></figure>



<p></p>

<p>Start vårtermin 2026 Folkdans: 26 januariDräkt &amp; Väv: 27 januariSquaredance: 28 januari 2026 Dag Datum Aktivitet Januari Måndag 2026-01-26 Folkdans start Tisdag 2026-01-27 Dräkt start Onsdag 2026-01-28 Square start Torsdag 2026-01-29 Uthyrt BRF möte (service) Lördag 2026-01-31 Årsmöte Februari Torsdag 2026-02-05 Föreningsgalan (folkdansuppvisning) Lördag 2026-02-07 Square intensivdag Plus Lördag 2026-02-14 Uthyrt De 7 h hemslöjd [&hellip;]</p>
